{"id":1179,"date":"2024-08-26T21:32:58","date_gmt":"2024-08-27T00:32:58","guid":{"rendered":"https:\/\/profjonas.com\/?page_id=1179"},"modified":"2024-09-16T12:33:52","modified_gmt":"2024-09-16T15:33:52","slug":"academico","status":"publish","type":"page","link":"https:\/\/profjonas.com\/?page_id=1179","title":{"rendered":"Acad\u00eamico"},"content":{"rendered":"\t\t<div data-elementor-type=\"wp-page\" data-elementor-id=\"1179\" class=\"elementor elementor-1179\" data-elementor-post-type=\"page\">\n\t\t\t\t\t\t<section data-particle_enable=\"false\" data-particle-mobile-disabled=\"false\" class=\"elementor-section elementor-top-section elementor-element elementor-element-712f8d3 elementor-section-height-min-height elementor-section-boxed elementor-section-height-default elementor-section-items-middle\" data-id=\"712f8d3\" data-element_type=\"section\" data-settings=\"{&quot;background_background&quot;:&quot;classic&quot;}\">\n\t\t\t\t\t\t\t<div class=\"elementor-background-overlay\"><\/div>\n\t\t\t\t\t\t\t<div class=\"elementor-container elementor-column-gap-default\">\n\t\t\t\t\t<div class=\"elementor-column elementor-col-50 elementor-top-column elementor-element elementor-element-60fb17c\" data-id=\"60fb17c\" data-element_type=\"column\">\n\t\t\t<div class=\"elementor-widget-wrap elementor-element-populated\">\n\t\t\t\t\t\t<div class=\"elementor-element elementor-element-ba11846 elementor-widget elementor-widget-heading\" data-id=\"ba11846\" data-element_type=\"widget\" data-widget_type=\"heading.default\">\n\t\t\t\t<div class=\"elementor-widget-container\">\n\t\t\t<style>\/*! elementor - v3.23.0 - 05-08-2024 *\/\n.elementor-heading-title{padding:0;margin:0;line-height:1}.elementor-widget-heading .elementor-heading-title[class*=elementor-size-]>a{color:inherit;font-size:inherit;line-height:inherit}.elementor-widget-heading .elementor-heading-title.elementor-size-small{font-size:15px}.elementor-widget-heading .elementor-heading-title.elementor-size-medium{font-size:19px}.elementor-widget-heading .elementor-heading-title.elementor-size-large{font-size:29px}.elementor-widget-heading .elementor-heading-title.elementor-size-xl{font-size:39px}.elementor-widget-heading .elementor-heading-title.elementor-size-xxl{font-size:59px}<\/style><h2 class=\"elementor-heading-title elementor-size-default\">Acad\u00eamico<\/h2>\t\t<\/div>\n\t\t\t\t<\/div>\n\t\t\t\t<div class=\"elementor-element elementor-element-f629fcf elementor-drop-cap-yes elementor-drop-cap-view-default elementor-widget elementor-widget-text-editor\" data-id=\"f629fcf\" data-element_type=\"widget\" data-settings=\"{&quot;drop_cap&quot;:&quot;yes&quot;}\" data-widget_type=\"text-editor.default\">\n\t\t\t\t<div class=\"elementor-widget-container\">\n\t\t\t<style>\/*! elementor - v3.23.0 - 05-08-2024 *\/\n.elementor-widget-text-editor.elementor-drop-cap-view-stacked .elementor-drop-cap{background-color:#69727d;color:#fff}.elementor-widget-text-editor.elementor-drop-cap-view-framed .elementor-drop-cap{color:#69727d;border:3px solid;background-color:transparent}.elementor-widget-text-editor:not(.elementor-drop-cap-view-default) .elementor-drop-cap{margin-top:8px}.elementor-widget-text-editor:not(.elementor-drop-cap-view-default) .elementor-drop-cap-letter{width:1em;height:1em}.elementor-widget-text-editor .elementor-drop-cap{float:left;text-align:center;line-height:1;font-size:50px}.elementor-widget-text-editor .elementor-drop-cap-letter{display:inline-block}<\/style>\t\t\t\t<p>\u00a0<\/p><p><span style=\"font-family: var( --e-global-typography-secondary-font-family ), Sans-serif; font-size: 1rem;\"><b>Aqui compartilho o material de produ\u00e7\u00e3o cient\u00edfica e voltado para doc\u00eancia superior.<\/b><\/span><\/p>\t\t\t\t\t\t<\/div>\n\t\t\t\t<\/div>\n\t\t\t\t\t<\/div>\n\t\t<\/div>\n\t\t\t\t<div class=\"elementor-column elementor-col-50 elementor-top-column elementor-element elementor-element-2274816\" data-id=\"2274816\" data-element_type=\"column\">\n\t\t\t<div class=\"elementor-widget-wrap\">\n\t\t\t\t\t\t\t<\/div>\n\t\t<\/div>\n\t\t\t\t\t<\/div>\n\t\t<\/section>\n\t\t\t\t<section data-particle_enable=\"false\" data-particle-mobile-disabled=\"false\" class=\"elementor-section elementor-top-section elementor-element elementor-element-7c49479 elementor-section-boxed elementor-section-height-default elementor-section-height-default\" data-id=\"7c49479\" data-element_type=\"section\">\n\t\t\t\t\t\t<div class=\"elementor-container elementor-column-gap-default\">\n\t\t\t\t\t<div class=\"elementor-column elementor-col-100 elementor-top-column elementor-element elementor-element-b6e286d\" data-id=\"b6e286d\" data-element_type=\"column\">\n\t\t\t<div class=\"elementor-widget-wrap elementor-element-populated\">\n\t\t\t\t\t\t<div class=\"elementor-element elementor-element-352bb01 elementor-widget elementor-widget-text-editor\" data-id=\"352bb01\" data-element_type=\"widget\" data-widget_type=\"text-editor.default\">\n\t\t\t\t<div class=\"elementor-widget-container\">\n\t\t\t\t\t\t\t<h2>Alguns Textos<\/h2>\n<p>Se voc\u00ea foi aluno nos cursos de An\u00e1lise Real (gradua\u00e7\u00e3o ou mestrado profissional) e procura as notas de aula, me envie um e-mail em jrenan em gmail ponto com.<\/p>\n<div class=\"page\" title=\"Page 1\">\n<div class=\"layoutArea\">\n<div class=\"column\">\n<p><a href=\"https:\/\/teses.usp.br\/teses\/disponiveis\/45\/45131\/tde-15022019-105223\/pt-br.php\">Co-homologia de Feixes em Estruturas O-minimais (disserta\u00e7\u00e3o de mestrado)<\/a><\/p>\n<p><a href=\"https:\/\/profjonas.com\/wp-content\/uploads\/2024\/08\/trabalho-conjuntos.pdf\">Cardinais Mensur\u00e1veis e o Axioma da Construtibilidade (artigo)<\/a><\/p>\n<p><a href=\"https:\/\/profjonas.com\/wp-content\/uploads\/2024\/08\/automorfismos.pdf\">Descric\u0327a\u0303o do Grupo dos Automorfismos do Disco Por Func\u0327o\u0303es Lineares Fraciona\u0301rias (artigo)<\/a><\/p>\n<div class=\"page\" title=\"Page 1\">\n<div class=\"layoutArea\">\n<div class=\"column\">\n<p><a href=\"https:\/\/profjonas.com\/wp-content\/uploads\/2024\/08\/main.pdf\">Princi\u0301pio do Ma\u0301ximo para Equac\u0327o\u0303es Diferenciais Parciais Elipticas (disserta\u00e7\u00e3o gradua\u00e7\u00e3o)<\/a><\/p>\n<div class=\"page\" title=\"Page 1\">\n<div class=\"layoutArea\">\n<div class=\"column\">\n<p><a href=\"https:\/\/profjonas.com\/wp-content\/uploads\/2024\/08\/resumogrupos.pdf\">Resumo (um pouco entediante) sobre Teoria de Grupos (artigo)<\/a><\/p>\n<p><a href=\"https:\/\/www.ime.usp.br\/~jgomes\/pontofixo.pdf\">Teorema do Ponto Fixo de Banach (artigo)<\/a><\/p>\n<p><a href=\"https:\/\/www.ime.usp.br\/~jgomes\/boole\">\u00c1lgebras de Boole e Ultrafiltros (artigo)<\/a><\/p>\n<div class=\"page\" title=\"Page 1\">\n<div class=\"section\">\n<div class=\"layoutArea\">\n<div class=\"column\">\n<p><a href=\"https:\/\/www.ime.usp.br\/~jgomes\/finalsimposio.pdf\">Uma condi\u00e7\u00e3o necess\u00e1ria e suficiente para integrabilidade de uma fun\u00e7\u00e3o real<\/a> (<a href=\"https:\/\/www.ime.usp.br\/~jgomes\/apresentacaocriteriolebesgue.pdf\">apresenta\u00e7\u00e3o<\/a> | <a href=\"https:\/\/www.ime.usp.br\/~jgomes\/finalsimposio.pdf\">artigo<\/a>)<\/p>\n<p><a href=\"https:\/\/www.ime.usp.br\/~jgomes\/baire.pdf\">Teorema de Baire<\/a>&nbsp;<\/p>\n<p><a href=\"https:\/\/www.ime.usp.br\/~jgomes\/notasdeanalise.pdf\">Introdu\u00e7\u00e3o \u00e0s S\u00e9ries de Fourier utilizando espa\u00e7o de fun\u00e7\u00f5es (artigo)<\/a><\/p>\n<\/div>\n<\/div>\n<\/div>\n<\/div>\n<\/div>\n<\/div>\n<\/div>\n<\/div>\n<\/div>\n<\/div>\n<\/div>\n<\/div>\n<\/div>\t\t\t\t\t\t<\/div>\n\t\t\t\t<\/div>\n\t\t\t\t\t<\/div>\n\t\t<\/div>\n\t\t\t\t\t<\/div>\n\t\t<\/section>\n\t\t\t\t<\/div>\n\t\t","protected":false},"excerpt":{"rendered":"<p>Acad\u00eamico \u00a0 Aqui compartilho o material de produ\u00e7\u00e3o cient\u00edfica e voltado para doc\u00eancia superior. Alguns Textos Se voc\u00ea foi aluno nos cursos de An\u00e1lise Real (gradua\u00e7\u00e3o ou mestrado profissional) e procura as notas de aula, me envie um e-mail em jrenan em gmail ponto com. Co-homologia de Feixes em Estruturas O-minimais (disserta\u00e7\u00e3o de mestrado) Cardinais [&hellip;]<\/p>\n","protected":false},"author":1,"featured_media":0,"parent":0,"menu_order":0,"comment_status":"closed","ping_status":"closed","template":"","meta":{"footnotes":""},"class_list":["post-1179","page","type-page","status-publish","hentry"],"_links":{"self":[{"href":"https:\/\/profjonas.com\/index.php?rest_route=\/wp\/v2\/pages\/1179","targetHints":{"allow":["GET"]}}],"collection":[{"href":"https:\/\/profjonas.com\/index.php?rest_route=\/wp\/v2\/pages"}],"about":[{"href":"https:\/\/profjonas.com\/index.php?rest_route=\/wp\/v2\/types\/page"}],"author":[{"embeddable":true,"href":"https:\/\/profjonas.com\/index.php?rest_route=\/wp\/v2\/users\/1"}],"replies":[{"embeddable":true,"href":"https:\/\/profjonas.com\/index.php?rest_route=%2Fwp%2Fv2%2Fcomments&post=1179"}],"version-history":[{"count":10,"href":"https:\/\/profjonas.com\/index.php?rest_route=\/wp\/v2\/pages\/1179\/revisions"}],"predecessor-version":[{"id":1219,"href":"https:\/\/profjonas.com\/index.php?rest_route=\/wp\/v2\/pages\/1179\/revisions\/1219"}],"wp:attachment":[{"href":"https:\/\/profjonas.com\/index.php?rest_route=%2Fwp%2Fv2%2Fmedia&parent=1179"}],"curies":[{"name":"wp","href":"https:\/\/api.w.org\/{rel}","templated":true}]}}